 f be (4 - 2 - -3)*7. Suppose 4*m - 95 = -f. Suppose -6 = -3*j + 6. What is the remainder when m is divided by j?
3
Let r = 101 - 81. Calculate the remainder when 59 is divided by r.
19
Let l = 40 + -7. Calculate the remainder when l is divided by 9.
6
Let x(t) = -4*t + 3. What is the remainder when 29 is divided by x(-3)?
14
Calculate the remainder when 30 is divided by (3 + 1 - -20) + -4.
10
Let v(w) = w**2 + 4*w + 9. Let u be v(7). Suppose -6*p + u = -28. Calculate the remainder when p is divided by 8.
3
Let b(v) be the first derivative of v**2/2 + 4*v + 1. Let c = 27 - 19. Calculate the remainder when b(c) is divided by 7.
5
Suppose s + 0 = 5. Suppose -4 = -f + 9. Calculate the remainder when f is divided by s.
3
Let l(s) = -2*s - 26. Let p(k) = k + 17. Let a(t) = -5*l(t) - 8*p(t). Calculate the remainder when 29 is divided by a(8).
9
Let v = -4 - -2. What is the remainder when 68/3 - (-1)/3 is divided by (-114)/(-9) - v/(-3)?
11
Suppose 0 = 29*q - 39*q + 150. Suppose u = -3*u - 20. Let o(l) = l**2 - l - 1. Calculate the remainder when o(u) is divided by q.
14
Let i = 14 - 10. Suppose i = 4*c - 72. What is the remainder when c is divided by 11?
8
Suppose 2*x - 224 = -2*x. Let p = x - 36. Suppose 3*b + 0*b = 2*q + 23, 0 = -b - q + 6. Calculate the remainder when p is divided by b.
6
Let p(h) = h**3 + 16*h**2 + 12*h - 16. Calculate the remainder when 47 is divided by p(-15).
18
Let q = 5 - -21. Let j(h) = -h**3 - 3*h**2 + h - 5. Calculate the remainder when q is divided by j(-4).
5
Let d(t) = t + 35. What is the remainder when 28 is divided by d(-25)?
8
Let t = 277 + -157. Calculate the remainder when t is divided by 41.
38
Let u(q) = -q**2 + q - 1. Let x = 3 - 0. Let m be u(x). Let j(d) = -d**2 - 10*d - 10. Calculate the remainder when 31 is divided by j(m).
9
Suppose 0 = 2*i, -2*i - 32 = -4*l + 3*i. Calculate the remainder when 30 is divided by l.
6
Suppose 3*m - 15 = -d, 4*m = -d + 5 + 13. Suppose 0 = d*r - r - 15. Suppose -3*f + 5 + 4 = -3*v, 5*f - 19 = 3*v. Calculate the remainder when f is divided by r.
2
Suppose -4*j + 44 + 12 = 0. Let h(o) = 2*o**2 - o + 5. What is the remainder when h(-4) is divided by j?
13
Let g(l) = -27*l. Suppose -22 = -3*f - k + 5*k, 0 = 3*f - 2*k - 32. Calculate the remainder when g(-1) is divided by f.
13
Suppose j + 2*j = 2*x - 49, 2*x = -5*j + 9. What is the remainder when x is divided by -1 + 5 - (-1 + 0)?
2
Suppose -2*c - 4*f + 22 = 0, 2*c - 19 = -0*c - f. What is the remainder when 17 is divided by c?
8
Let w be (-20)/(-15) - (-2)/3. Suppose 0 = -2*s - 0*s + w. Let m = 0 - -1. What is the remainder when m is divided by s?
0
Let l = 48 + -22. What is the remainder when l is divided by 15?
11
Let w(b) = 11*b - 34. Let x(i) = 5*i - 17. Let g(y) = 6*w(y) - 13*x(y). What is the remainder when 33 is divided by g(0)?
16
Suppose -y + 9 = -0. What is the remainder when y is divided by (-2)/(-5) - (-92)/20?
4
Let y = -19 + 37. What is the remainder when 11 is divided by (y/(-10))/((-9)/30)?
5
Suppose 0 = 3*q - 4*o - 136, 3*o - 1 = q - 53. What is the remainder when q is divided by 2/3 - (-80)/6?
12
Suppose 2*i + 15 = 2*h - 5, -3*h + 42 = 3*i. What is the remainder when 23 is divided by h?
11
Let y(l) = -l**2 - 3*l + 3. Let x be y(-4). Calculate the remainder when 13 is divided by 4 + (0 - 0)*x.
1
Let h be 17 + (-2 - 0)/(-2). Suppose 2*s = 4*p + h, s = 4*s - 2*p - 43. Calculate the remainder when s is divided by 2/9 - (-79)/9.
8
Let y(r) = -r**3 - 6*r**2 + 5*r - 1. What is the remainder when y(-7) is divided by 5?
3
Suppose 3*q = -2*q. Let z = q - -2. Suppose -z*t + 5*m = 3*t - 30, 4*t + 5*m = 51. Calculate the remainder when 16 is divided by t.
7
Suppose -2*n = 4, -3*z = 2*z + 2*n - 26. Let a = z + 0. Suppose 0*x = 3*x - 6. What is the remainder when a is divided by x?
0
Suppose -2*x - 2*r + 218 = 0, 3*x - 141 = 4*r + 200. What is the remainder when x is divided by 38?
35
Suppose -3*s - 18 = -54. Let g = -6 - -13. Suppose 61 = g*j - 86. What is the remainder when j is divided by s?
9
Suppose -2*m = m - 9. Suppose 5*i - o = -m*o + 123, -5*i + 120 = 5*o. What is the remainder when i is divided by 9?
7
Suppose -6 = -5*b + 4. Suppose 0 = 5*h + b*l + 68, 5*l - 19 = 4*h - 3*h. Let j = -8 - h. What is the remainder when 16 is divided by j?
4
Let t = 20 + -9. What is the remainder when 63 is divided by t?
8
Suppose 0 = -2*g - w + 6*w + 25, 0 = -3*g - 5*w + 25. Suppose 3*t - 5*k - 127 = 0, 2*t + 34 - 102 = -5*k. Calculate the remainder when t is divided by g.
9
Let b(m) = -m**2 - 2*m + 117. Calculate the remainder when b(0) is divided by 12.
9
Let o = 28 - 10. Calculate the remainder when o is divided by 11.
7
Let f be (-205)/(-15) - (-1)/3. Calculate the remainder when 17 is divided by 40/(-14)*(-49)/f.
7
Let w(o) = o - 5. Let d(z) = 3*z - 14. Let y(p) = 3*d(p) - 8*w(p). Calculate the remainder when 16 is divided by y(7).
1
Suppose -4*g + 5 = g. What is the remainder when -2 + 84/2 + g is divided by 11?
8
Let x = 126 - 66. Let w = x - 41. Calculate the remainder when w is divided by (-8)/(-3)*(-60)/(-16).
9
Suppose 3*k - 5*k + 6 = 0. Suppose 0 = -k*a + 2*a + 2. Let s = -4 - -8. Calculate the remainder when s is divided by a.
0
Suppose -4*z - 48 = -7*z. Suppose f = -2*f + 180. Calculate the remainder when f is divided by z.
12
Let w(k) = -k**2 - 12*k + 4. What is the remainder when w(-12) is divided by 1?
0
Let g = 46 - 27. What is the remainder when g is divided by 11?
8
Suppose 2*a - 108 = -10. Calculate the remainder when a is divided by 10.
9
Suppose -2*f + f = -5. Suppose f*s - 1083 = -243. Suppose -5*a = -a + z - 152, -4*a = -3*z - s. Calculate the remainder when a is divided by 10.
9
Let l(n) = 2*n + 3. Let h = 2 - -3. Let z(b) = -4*b + 9. What is the remainder when z(-7) is divided by l(h)?
11
Let f = 73 + -40. Let k = f + -21. What is the remainder when 59 is divided by k?
11
Suppose -2 = -x + 2. Let y = 6 - x. What is the remainder when (-1)/y - 140/(-8) is divided by 6?
5
Let a(s) = -s + 6. Let l be a(5). Calculate the remainder when ((-6)/4)/(l/(-48)) is divided by 25.
22
Suppose -1 = 2*q - 61. Suppose -6*l + q = -l. What is the remainder when ((-12)/10)/((-3)/40) is divided by l?
4
Let k(u) = 6*u + 2. Calculate the remainder when k(12) is divided by 15.
14
What is the remainder when 93 is divided by 22*(324/168 - 6/14)?
27
Let h = 30 - 14. Calculate the remainder when 46 is divided by h.
14
Suppose -2*o - 5*u - 12 = -40, 0 = 4*o + 4*u - 32. Let j = 26 - 15. What is the remainder when j is divided by o?
3
What is the remainder when -4 - (-3)/(3/28) is divided by 9?
6
Let o = -7 - -1. Suppose -4*v - 4 = -72. What is the remainder when v is divided by (1 - 0) + (2 - o)?
8
Suppose -7*c + 15*c = 264. Calculate the remainder when c is divided by 6.
3
Let a = -9 - -9. Suppose -2*j + 7 + 5 = a. Suppose -j*y = -2*y - 24. Calculate the remainder when 10 is divided by y.
4
Suppose 3*t = 9, 0 = -2*l + t - 2*t + 3. Let d = 17 + l. What is the remainder when d is divided by 9?
8
What is the remainder when ((3 - 8) + 0)*106/(-10) is divided by 18?
17
Let t be 6/(-2)*88/(-3). Let x = 20 - 4. Calculate the remainder when x is divided by 16/t + 64/11.
4
Let z = 17 + -10. What is the remainder when 17 is divided by z?
3
Let q(m) = -m**2 + 7*m. Let b be q(7). Suppose -v + 3*v - 20 = b. Calculate the remainder when v is divided by 4.
2
Suppose -c + 1 = -n - 24, -3*n = -2*c + 54. Let o = c + -15. Suppose o = k - 7. Calculate the remainder when 38 is divided by k.
12
Suppose -4*q = -289 - 3. Calculate the remainder when q is divided by (-1 - 8/(-12))*-57.
16
Suppose 5 = -4*m + 1. Calculate the remainder when m*2/2*-41 is divided by 14.
13
Let j(u) = 5*u + 3. Suppose 0 = s - 2 - 7. What is the remainder when j(4) is divided by s?
5
Suppose -22 + 100 = 3*u. Calculate the remainder when u is divided by 9.
8
Let g = -3 - 4. Suppose 3*y + 86 = -37. Let u = g - y. What is the remainder when u is divided by 12?
10
Suppose 0 = -y + 7 + 10. Let s = 17 + 14. Calculate the remainder when s is divided by y.
14
Let d(q) = 2*q**2 + q. Let m be d(2). Suppose -m = 3*k - 5*k. Calculate the remainder when 3/(2 + 75/(-42)) is divided by k.
4
Suppose z = 3*z - 30. Suppose -2*v = -6*v. Calculate the remainder when z is divided by (1 - v)/((-1)/(-8)